ghest common divisor of 176 and v?
16
Let m be ((-24)/(-18))/(4/6). Let s = 5 - 2. Calculate the greatest common factor of s and m.
1
Let b(l) = -14*l**2 - 9*l - 14. Let f(g) = -5*g**2 - 3*g - 5. Let x(k) = -6*b(k) + 17*f(k). Let m be x(1). What is the highest common divisor of 9 and m?
1
Let m be -6*(2/(-4) + 0). Let h(x) = 8*x**3 - 2*x + 1. Let y be h(1). Suppose -y*d + 12 = -5*d. What is the greatest common factor of m and d?
3
Suppose 0 = -5*b + a + 140, -b + 2*a = -14 - 23. Suppose -2*c - 1 = u - b, 0 = 4*c - 20. Calculate the highest common divisor of u and 24.
8
Let y = 78 - 42. What is the highest common divisor of y and 6?
6
Let j = 7 + 169. Let i = -36 + 52. What is the greatest common divisor of i and j?
16
Suppose -8 = -3*u + 1. Suppose 0*z = -u*z + 546. Calculate the highest common factor of 26 and z.
26
Let r = 2 - 4. Let c be 2 + 5 + r + -2. What is the greatest common divisor of 9 and c?
3
Let i be -10*(-3)/6*2. Let l be (5/(-25))/((-2)/i). Let m(j) = 4*j - 5. Let q be m(4). What is the highest common divisor of l and q?
1
Suppose -h - 4*h - 6 = 2*v, 3*h = -3*v. Let t be 6/(h/1) + 17. Calculate the greatest common divisor of t and 21.
7
Let w = -11 + 27. Suppose -w = -x + 9. What is the greatest common divisor of 10 and x?
5
Suppose 45 = 3*o + 9. Let z = 253 - 193. What is the highest common factor of o and z?
12
Let b be (-4)/14 + 8589/49. Let c(k) = -k**3 - 2*k**2 + 2*k + 1. Let y be c(-4). Calculate the greatest common factor of b and y.
25
Let r(p) = 7*p**3 - 2*p**2 + 2*p - 1. Let j be r(1). Let z = -3 + j. Suppose 0 = -c - z + 17. What is the greatest common divisor of 126 and c?
14
Suppose -34 = 2*m - 66. What is the greatest common factor of 80 and m?
16
Suppose 5*p = 5*l - 450, 0 = 2*l - 11*p + 6*p - 177. What is the highest common divisor of l and 13?
13
Let w be ((-4)/(-6) + 0)/(10/2730). What is the highest common factor of 14 and w?
14
Let c(r) = r**3 + 4*r**2 - 8*r - 5. Let y be c(-5). Let a be 20/(-1)*(-10)/5. Calculate the highest common factor of y and a.
10
Let v(q) = q**2 + 8*q + 2. Let z be v(-8). Suppose -z = 3*j - 11. Let y = 0 - -18. What is the greatest common divisor of j and y?
3
Let z = -5 + 32. Suppose 0 = -5*b + 18 + z. Calculate the greatest common factor of 63 and b.
9
Let v = -17 - 5. Let s = v - -31. Suppose -111 = -g + 3*f, -f = 5*g + 2*f - 483. Calculate the highest common factor of g and s.
9
Suppose t - n - 2 = 0, 2*t - 5*n = -0*t - 2. What is the greatest common divisor of 36 and t?
4
Suppose -2*w = 4*o - 30, w + 3*o = 5 + 9. Let b = w + -9. Let q = 126 - 70. Calculate the greatest common divisor of b and q.
8
Let u(n) = n + 9. Let s be u(0). Suppose 7*w - 9*w = -198. What is the greatest common divisor of w and s?
9
Suppose 3*w - 72 = -15. What is the highest common divisor of 171 and w?
19
Let f be (48/(-36))/((-4)/270). Calculate the greatest common factor of 10 and f.
10
Suppose 0*h - 3*h + 150 = 0. What is the greatest common divisor of h and 20?
10
Suppose 2*j - 4 = 2. Let u be (2 + j/(-1))*-3. Suppose 0 = -2*o - u*d + 21, 7 = 2*o - 3*o + 2*d. What is the highest common factor of 2 and o?
1
Let z(a) = -3*a + 6. Let l be z(-5). Let c = l - 0. Suppose 0 = 7*i - 2*i - 15. Calculate the greatest common divisor of i and c.
3
Let t = 5 - 3. Suppose 0 = 3*h + 7 - 175. Suppose h = x + 2*x + q, -q + 20 = x. Calculate the highest common divisor of x and t.
2
Let r be 2*9/(-6) - -7. Let v = 2 + -2. Suppose 0 = 3*u - v*c - 5*c - 31, 3 = -u - c. What is the greatest common factor of r and u?
2
Suppose -k = 3*t + 4*k - 18, -2*t + 3*k = 7. Let v be 2/(-5) - 4/(20/(-7)). Calculate the highest common divisor of v and t.
1
Suppose t - 4*j = 2, 2*j = -2*t + 4*t - 10. Let m be (-14)/(-4) + t/(-12). Let z be (-56)/(-6) - (-2)/(-6). Calculate the highest common divisor of m and z.
3
Let w be 254/4 + (-2)/(-4). Suppose 2*h = 4*p - 22, 5*p - h - 29 = 6. What is the highest common divisor of w and p?
8
Suppose -3*m = -12, 0*m = -3*n - 4*m + 64. Calculate the highest common factor of n and 16.
16
Suppose 0 = -4*w - 2*i + 6 + 30, 4*w + 4*i - 40 = 0. Suppose -f + 28 = -w. Let a(l) = -l + 17. Let y be a(8). What is the highest common divisor of f and y?
9
Let k(h) = h**3 - 5*h**2 + 6*h - 6. Let n be k(4). Calculate the greatest common factor of n and 2.
2
Let s be 4/14 - ((-110)/7 + -4). Calculate the greatest common divisor of s and 70.
10
Suppose -2 - 4 = -3*k. Suppose 2*s - 6 = -k. Calculate the greatest common factor of s and 2.
2
Let y be (-1)/((-9)/(-6) + -2). Suppose -p + y*p + 53 = 0. Let c = p + 79. What is the highest common divisor of c and 65?
13
Let s(a) be the first derivative of a**2/2 - 11*a - 3. Let o be s(12). Let h be o/4*2*24. What is the highest common factor of h and 18?
6
Let f(u) = -u**3 + 8*u**2 + 8*u + 12. Let o be f(9). Suppose 52 = o*w + w. Calculate the greatest common divisor of 39 and w.
13
Let o(v) = v**2 - 2. Let s be o(-2). Suppose s*d + d - 30 = -3*l, 0 = 5*d + 2*l - 47. What is the greatest common divisor of 63 and d?
9
Let w = 64 - 46. Let h = 25 - w. Suppose 0 = -g + 1 + 55. Calculate the greatest common divisor of g and h.
7
Let b = -14 + 9. Let c = b + 7. What is the highest common factor of 2 and c?
2
Let m be 15 - ((-8)/2)/(-4). Suppose 2*h + 5*s - 6 = 18, h = 4*s - m. What is the highest common divisor of h and 5?
1
Suppose 1045 = f + 4*f. Suppose 4*z = 3*z - w + 24, 2*z - 43 = -w. What is the highest common factor of f and z?
19
Suppose 4*w - 2 = 2*w. Let c be (12/9)/(w/6). Let z = c + 3. Calculate the highest common factor of z and 1.
1
Suppose -4*c + 40 = -3*z, z + 31 = 5*c + 2*z. What is the highest common factor of 35 and c?
7
Let v = 26 + -18. Suppose -4*d - 11 = -3*x, -5*d - 11 = -5*x + 9. Calculate the highest common divisor of v and d.
1
Let l(o) = -o**3 + 7*o**2 + 8*o + 2. Let j be l(8). Suppose -j*u = -5*u + 117. Suppose -i + u = 2*i. What is the greatest common factor of i and 13?
13
Let d be (-3)/(-7) - 160/112. Let x be 117 + (-4 - d) - 4. What is the greatest common factor of 10 and x?
10
Let o = 24 - 0. Suppose -4*c + 8 = -o. Let n be 7*-1*(6 - c). What is the greatest common divisor of 84 and n?
14
Let r = -71 + 115. Calculate the highest common divisor of 4 and r.
4
Let a(v) = v**3 - 15*v**2 + 3*v + 21. Let f be a(15). What is the highest common divisor of 11 and f?
11
Suppose 3*m = 4*a - 7*a + 57, 5 = -5*a. Calculate the greatest common divisor of 30 and m.
10
Suppose -6*t + 4*t = 154. Let c = -20 - t. Suppose 8 = q - 11. What is the greatest common divisor of c and q?
19
Let q be -1*0/(0 + 2). Suppose 5*w + u = 8 - q, 2*u = w + 5. What is the greatest common divisor of w and 4?
1
Let m(o) = -o + 2. Let n be m(-6). Suppose 400 = -3*r + 8*r. Calculate the highest common divisor of r and n.
8
Let n be (-2 - 32)/(-8 + 6). Calculate the highest common factor of n and 85.
17
Let j = 4 - 0. Suppose 54 + 26 = j*c. Calculate the highest common factor of c and 40.
20
Let f be 242/8 + 2/(-24)*3. Calculate the highest common divisor of f and 240.
30
Suppose 0*x - 3*x + 6 = 0. Suppose o = x*o. Suppose -3*h + 3 + 0 = o. What is the greatest common factor of 4 and h?
1
Suppose -4*g + 46 = 2*y, -4*g - 5*y = -2*y - 47. Suppose 62 = b + 7. What is the greatest common factor of g and b?
11
Let m = 25 + -7. Calculate the highest common factor of m and 72.
18
Let c(u) = 9*u**2 + 1. Suppose 0 = -10*a + 5*a - 5. Let z be c(a). Suppose 4*p - 16 = 0, 3*p + p = 3*y - 314. Calculate the highest common divisor of z and y.
10
Let h(x) = x - 4. Let p be h(11). Let z(w) = -w + 0 + p + 0. Let b be z(5). Calculate the highest common factor of b and 14.
2
Suppose -4*x = 4*h - 64, h + 3*h = -x + 61. Calculate the highest common divisor of 15 and h.
15
Suppose -3*c = c + 260. Let t = 121 + c. Let n be ((-63)/6)/3*-2. What is the highest common divisor of n and t?
7
Suppose 12 = 3*i - 168. Let o(j) = -j**2 - 25*j - 54. Let m be o(-22). What is the highest common divisor of i and m?
12
Let u = 3 - -53. Let j(m) = 2*m**2 - 7*m + 2. Let a be j(5). Let p = a - 9. Calculate the greatest common factor of p and u.
8
Let p(t) = -3*t. Let h be 7/(-3) - (-8)/(-12). Let d be p(h). Let a = d - -3. Calculate the highest common factor of a and 4.
4
Let l be (12/(-16))/(2/(-24)). Let w = 60 + l. Ca